
5
Suppose -y = -4*n + 2*y + 431, -4*n + 446 = 2*y. What is the remainder when n is divided by 28?
26
What is the remainder when 17 is divided by (7/(-7))/((-1)/10)?
7
Let i(q) = -14*q**3 + q**2 - q - 1. Let v be ((-6)/9)/(4/6). Let a(r) = -4*r**3 - r**2 - 2*r - 3. Calculate the remainder when a(-2) is divided by i(v).
14
Suppose 2*c - 10 = -4*y, -2*c - 2*y - y = -13. What is the remainder when 189/6 - (-2)/4 is divided by c?
10
Let v(d) = -d**2 + 3*d + 11. Calculate the remainder when 159 is divided by v(4).
5
Let m be (-15)/6*(-8)/5. Calculate the remainder when 41 is divided by -4 - (-5 + m)*26.
19
Let i(w) = w**3 + 2*w**2 - 4*w. Let d be i(-4). Suppose -x - 3*k - 18 = -0*x, -5*x = 3*k + 54. Let r = x - d. What is the remainder when 19 is divided by r?
5
Suppose -5*f + 93 - 23 = 0. Let d = -17 + 43. Calculate the remainder when d is divided by f.
12
Let h(j) = -j**2 - 3*j + 3. Let d be h(3). Let c(g) = g**3 + 16*g**2 + 15*g + 17. Calculate the remainder when c(d) is divided by 10.
7
Let b be 6/(-2) + 45/3. Suppose 30 = y - b. Calculate the remainder when y is divided by 11.
9
Suppose 4*c - 456 = -4*o, -178 - 278 = -4*c + 2*o. Calculate the remainder when c is divided by 23.
22
Let m = 8 + -4. Suppose 0 = -b - 3*b + 44. Calculate the remainder when b is divided by -1 + 2 + 1 + m.
5
Let b(f) = -6*f**3 + f**2 - 2*f + 2. Let t be b(-4). Calculate the remainder when (-8)/(-36) + t/18 is divided by 13.
10
Let g(k) = -k**3 + 6*k**2 - 5*k - 1. Calculate the remainder when 43 is divided by g(4).
10
Suppose -2*n - 4*f + 632 = 0, 3*f = -n - 0*f + 321. Suppose 0 = -3*w - 60 + n. Calculate the remainder when w is divided by 12.
10
Let d = 69 + -23. Suppose -4*w + w = -75. Suppose -w = 5*r, z + r - 7 = -0*r. What is the remainder when d is divided by z?
10
Let n be ((-2)/1)/(1/(-2)). What is the remainder when n/1*11/4 is divided by 3?
2
Suppose 3*u = -2*u + 20. Calculate the remainder when 5 is divided by u.
1
Suppose -3*d = 4*u - 2*d + 31, -3*u - d - 22 = 0. Calculate the remainder when 46 is divided by (-1 - u/15)*-30.
10
Suppose 15 = 5*i + 425. What is the remainder when (-2)/8*2*i is divided by 21?
20
Suppose -2*h - 10 = -i, 4*i + h + 29 = 6*i. What is the remainder when 29 is divided by i?
13
Let l be ((-15)/6)/(2/(-8)). Suppose 0 = b - 1 - l. Let p(k) = 22*k - 1. Calculate the remainder when p(1) is divided by b.
10
Suppose -b - 2*b = 12, m + 8 = -2*b. Suppose -3*y - y = m. Calculate the remainder when 20 - -1*(1 - y) is divided by 8.
5
Calculate the remainder when (9/(-2) + -1)*(-2 - 0) is divided by 7.
4
Let v be (1*-3)/(-3) - 0. Let z = v + 2. What is the remainder when -1*((1 - -1) + -7) is divided by z?
2
Suppose -2*p - 6*r + 47 = -9*r, 5*r - 15 = 0. Let l = 236 - 125. Calculate the remainder when l is divided by p.
27
Suppose -2*z = q - 177, 0 = z + 4*z - 4*q - 475. What is the remainder when z is divided by 31?
29
Let c(d) = d**2 - 5*d - 2. Let q be c(6). Suppose q*b = -v + 11, -5*v = -v + 4. Calculate the remainder when 11 is divided by b.
2
Suppose 43 = 3*j - 11. What is the remainder when j is divided by ((-6)/(-4))/(3/14)?
4
What is the remainder when 1059/12 + 40/(-32) is divided by 18?
15
Let f = 155 - 133. Calculate the remainder when 52 is divided by f.
8
Suppose 5*y + 63 = -2. What is the remainder when 5 is divided by 1/(-6) + y/(-6)?
1
Let j(o) = 2*o + 2. Let b = 19 + -16. Suppose -2*f + b*f - 21 = -t, 5*t - 3*f - 121 = 0. Calculate the remainder when t is divided by j(3).
7
Suppose -x = s, -4*x + 45 = s - 6*s. Suppose 3*v = 10 + x. Calculate the remainder when v is divided by 2.
1
Let z(o) = o**2 + 2*o - 4. Calculate the remainder when z(3) is divided by 6.
5
Suppose r + 36 = 5*r. Suppose 0 = 6*c - c + 5. Let l(h) = -35*h - 1. Calculate the remainder when l(c) is divided by r.
7
Suppose -3*m = -29 - 106. Calculate the remainder when m is divided by 25.
20
Let a be (1/2)/((-2)/(-20)). Let x(n) = n + 48. Let w be x(0). Suppose k = a*k - w. What is the remainder when 35 is divided by k?
11
Let s(v) = 11*v**3 - 3*v**2 + 2*v - 1. Let i be s(3). Suppose 3*q - 137 = 4*p, -6*q - 5*p + i = -q. Calculate the remainder when q is divided by 26.
25
Let t(v) be the first derivative of 1 + 2*v + 1/3*v**3 + v**2. What is the remainder when t(6) is divided by 17?
16
Let d = -96 - -98. Suppose -2*s = -s - 5*a + 14, 3*s - 9 = -2*a. What is the remainder when d is divided by s?
0
Suppose 0*i - 372 = -i. Suppose -d + 105 = 2*q - 2*d, 2*d + 263 = 5*q. Calculate the remainder when q is divided by i/21 - (-2)/7.
17
Let g = 18 + -2. Let s = 10 + 21. What is the remainder when s is divided by g?
15
Suppose -2*g + 5 = 3*c, 2*g - 2*c = 7*g - 18. What is the remainder when 1/1 + g/2 is divided by (-6 + 140/21)/((-2)/(-6))?
1
Suppose -h + 5*k = -6*h + 35, -2*h = 4*k - 10. What is the remainder when 31 is divided by h?
4
Let n be (-2 + 2)/(-3)*1. Let l(j) = -j + 16. What is the remainder when 46 is divided by l(n)?
14
Let i = -9 + 12. Calculate the remainder when i is divided by 3.
0
Suppose 0 = -4*l + 2 + 18. Calculate the remainder when 2/(-5) - (-47)/5 is divided by l.
4
What is the remainder when 38 is divided by (-5)/15*8*-3?
6
Suppose -25 + 7 = -3*p + 3*c, -6 = -5*p - c. Suppose 5*x + 0*y + 2*y - 10 = 0, p*y = 3*x - 6. Calculate the remainder when 5 is divided by x.
1
Let g = -12 + 22. Suppose -3*a = -5*c + 115, 2*a + 14 + 76 = 4*c. What is the remainder when 13 is divided by ((-5)/g)/((-2)/c)?
3
Suppose 2*i - 3*s - 42 = 0, 3*i = -s + 18 + 23. Calculate the remainder when 21 is divided by i.
6
Let c(v) = v**3 + 12*v**2 + 10*v - 13. Let r be c(-11). What is the remainder when -2*(-57)/(-12)*r is divided by 10?
9
Suppose 5*m - 2*m + 14 = -4*p, 0 = 2*m + 3*p + 9. Let f be (3/m)/((-1)/(-36)). Let u = 28 + f. Calculate the remainder when u is divided by 4.
2
Let l = 6 + -18. Let s(g) = -4*g - 24. What is the remainder when s(l) is divided by (-86)/(-10) - 2/(-5)?
6
Let w = -1 - -11. Suppose 3 = -2*s + 4*o - 19, -4*s - 20 = 4*o. Let z = w - s. Calculate the remainder when 50 is divided by z.
16
Suppose 0 = 4*b + 4*w + w - 152, 4*w = -2*b + 76. Calculate the remainder when b is divided by 20.
18
Let r be (1 + 2)*6/9. What is the remainder when 8 is divided by (r/(-2))/((-6)/30)?
3
Suppose 2*b + 3*b = 0, 0 = -3*x - b + 45. Suppose 3*d - 3*s - 102 = 0, 5*d + 4*s - 67 = 2*d. Calculate the remainder when d is divided by x.
14
Suppose u = 6*u - 220. Calculate the remainder when u is divided by 24.
20
What is the remainder when 127 is divided by (-258)/(-4)*((-1)/3 + 1)?
41
Let f(t) = 3*t**2 + 3*t + 2. Calculate the remainder when f(-3) is divided by 8.
4
Let k(i) = -11*i + 6. What is the remainder when k(-3) is divided by 16?
7
Let q be 6*((-4)/(-3))/2. Suppose -2*a = -a + q*l - 46, 230 = 5*a + l. Let o(p) = 3*p**3 - p**2 + p + 2. Calculate the remainder when a is divided by o(2).
22
Suppose -2*q - 133 = -4*q - 3*x, -3*q + 2*x = -206. Let w = q - 40. Calculate the remainder when 55 is divided by w.
27
Suppose 3*p - 27 = -0*p. What is the remainder when 17 is divided by p?
8
Suppose -14 - 3 = -q. What is the remainder when q is divided by ((-9)/12*2 + 0)*-6?
8
Suppose 0 = 3*u - 224 + 77. Let t = u + -11. What is the remainder when t is divided by 13?
12
Suppose 74 - 14 = f. What is the remainder when f is divided by 22?
16
Let b be 1*(-2 - 3) + 3. Calculate the remainder when (b - (-8 + -3)) + -1 is divided by 6.
2
Calculate the remainder when 95 is divided by (-30)/(-9)*((-42)/(-15) - -2).
15
Calculate the remainder when 14 is divided by (-3 - -4)*9/1.
5
Let l(a) = a - 4. Let j be l(7). Let s be (0 - -220)*(-2 + j). Suppose 4*d - s = 12. What is the remainder when d is divided by 20?
18
Let t = -23 - -43. Let a be 1/(-6) + (-226)/12. Let j = a - -77. Calculate the remainder when j is divided by t.
18
Let s(t) = -21*t - 2. Let c be s(-2). Let x = c + -27. Calculate the remainder when 36 is divided by x.
10
Suppose -9 = -4*p + 19. Let t = 1 + 1. Suppose 5 - 1 = t*s. What is the remainder when p is divided by s?
1
Suppose -2*h - 4*d = -40, -7*h = -4*h - 3*d - 42. Let u(x) = -x**2 - 17*x - 21. What is the remainder when h is divided by u(-15)?
7
Suppose -5*s + 54 - 4 = 0. What is the remainder when 109 is divided by s?
9
Let v be (-3)/2*(-1928)/12. Suppose 3*b = -